{"id":8004,"date":"2020-06-12T03:54:04","date_gmt":"2020-06-12T03:54:04","guid":{"rendered":"https:\/\/pedrovelho.rn.gov.br\/transparente\/index\/?page_id=8004"},"modified":"2025-05-30T11:34:47","modified_gmt":"2025-05-30T11:34:47","slug":"covid-19","status":"publish","type":"page","link":"https:\/\/pedrovelho.rn.gov.br\/transparente\/index\/covid-19\/","title":{"rendered":"Covid-19"},"content":{"rendered":"<p>[et_pb_section fb_built=&#8221;1&#8243; admin_label=&#8221;section&#8221; _builder_version=&#8221;4.16&#8243; background_image=&#8221;https:\/\/pedrovelho.rn.gov.br\/transparente\/index\/wp-content\/uploads\/2020\/06\/coronavirus-2019-ncov-em-fundo-branco-cuidados-medicos-e-conceito-de-microbiologia-design-para-o-surto-de-covid-19_34926-395.jpg&#8221; global_colors_info=&#8221;{}&#8221;][et_pb_row _builder_version=&#8221;4.16&#8243; global_colors_info=&#8221;{}&#8221;][et_pb_column type=&#8221;4_4&#8243; _builder_version=&#8221;4.16&#8243; global_colors_info=&#8221;{}&#8221;][et_pb_post_title meta=&#8221;off&#8221; featured_image=&#8221;off&#8221; _builder_version=&#8221;4.16&#8243; global_colors_info=&#8221;{}&#8221;][\/et_pb_post_title][\/et_pb_column][\/et_pb_row][et_pb_row column_structure=&#8221;1_4,1_4,1_4,1_4&#8243; admin_label=&#8221;row&#8221; _builder_version=&#8221;4.16&#8243; background_size=&#8221;initial&#8221; background_position=&#8221;top_left&#8221; background_repeat=&#8221;repeat&#8221; global_colors_info=&#8221;{}&#8221;][et_pb_column type=&#8221;1_4&#8243; _builder_version=&#8221;4.16&#8243; custom_padding=&#8221;|||&#8221; global_colors_info=&#8221;{}&#8221; custom_padding__hover=&#8221;|||&#8221;][et_pb_button button_url=&#8221;https:\/\/pedrovelho.rn.gov.br\/transparente\/index\/receitas-covid-19\/&#8221; button_text=&#8221;Receitas&#8221; button_alignment=&#8221;center&#8221; _builder_version=&#8221;4.16&#8243; custom_button=&#8221;on&#8221; button_text_color=&#8221;#ffffff&#8221; button_bg_color=&#8221;#0c71c3&#8243; global_colors_info=&#8221;{}&#8221;][\/et_pb_button][et_pb_button button_url=&#8221;https:\/\/pedrovelho.rn.gov.br\/transparente\/index\/legislacao-covid-19\/&#8221; button_text=&#8221;Legisla\u00e7\u00e3o&#8221; button_alignment=&#8221;center&#8221; _builder_version=&#8221;4.16&#8243; custom_button=&#8221;on&#8221; button_text_color=&#8221;#ffffff&#8221; button_bg_color=&#8221;#0c71c3&#8243; global_colors_info=&#8221;{}&#8221;][\/et_pb_button][\/et_pb_column][et_pb_column type=&#8221;1_4&#8243; _builder_version=&#8221;4.16&#8243; custom_padding=&#8221;|||&#8221; global_colors_info=&#8221;{}&#8221; custom_padding__hover=&#8221;|||&#8221;][et_pb_button button_url=&#8221;https:\/\/pedrovelho.rn.gov.br\/transparente\/index\/despesas-covid-19\/&#8221; button_text=&#8221;Despesas&#8221; button_alignment=&#8221;center&#8221; _builder_version=&#8221;4.16&#8243; custom_button=&#8221;on&#8221; button_text_color=&#8221;#ffffff&#8221; button_bg_color=&#8221;#0c71c3&#8243; global_colors_info=&#8221;{}&#8221;][\/et_pb_button][et_pb_button button_url=&#8221;https:\/\/pedrovelho.rn.gov.br\/transparente\/index\/plano-de-contigencia-covid-19\/&#8221; button_text=&#8221;Plano de Conting\u00eancia&#8221; button_alignment=&#8221;center&#8221; _builder_version=&#8221;4.16&#8243; custom_button=&#8221;on&#8221; button_text_color=&#8221;#ffffff&#8221; button_bg_color=&#8221;#0c71c3&#8243; global_colors_info=&#8221;{}&#8221;][\/et_pb_button][\/et_pb_column][et_pb_column type=&#8221;1_4&#8243; _builder_version=&#8221;4.16&#8243; custom_padding=&#8221;|||&#8221; global_colors_info=&#8221;{}&#8221; custom_padding__hover=&#8221;|||&#8221;][et_pb_button button_url=&#8221;https:\/\/pedrovelho.rn.gov.br\/transparente\/index\/contratos-covid-19&#8243; button_text=&#8221;Contratos&#8221; button_alignment=&#8221;center&#8221; _builder_version=&#8221;4.16&#8243; custom_button=&#8221;on&#8221; button_text_color=&#8221;#ffffff&#8221; button_bg_color=&#8221;#0c71c3&#8243; global_colors_info=&#8221;{}&#8221;][\/et_pb_button][et_pb_button button_url=&#8221;https:\/\/pedrovelho.rn.gov.br\/transparente\/index\/noticias-covid-19\/&#8221; button_text=&#8221;Not\u00edcias&#8221; button_alignment=&#8221;center&#8221; _builder_version=&#8221;4.16&#8243; custom_button=&#8221;on&#8221; button_text_color=&#8221;#ffffff&#8221; button_bg_color=&#8221;#0c71c3&#8243; global_colors_info=&#8221;{}&#8221;][\/et_pb_button][\/et_pb_column][et_pb_column type=&#8221;1_4&#8243; _builder_version=&#8221;4.16&#8243; custom_padding=&#8221;|||&#8221; global_colors_info=&#8221;{}&#8221; custom_padding__hover=&#8221;|||&#8221;][et_pb_button button_url=&#8221;https:\/\/pedrovelho.rn.gov.br\/transparente\/index\/licitacoes-covid-19\/&#8221; button_text=&#8221;Licita\u00e7\u00e3o&#8221; button_alignment=&#8221;center&#8221; _builder_version=&#8221;4.16&#8243; custom_button=&#8221;on&#8221; button_text_color=&#8221;#ffffff&#8221; button_bg_color=&#8221;#0c71c3&#8243; global_colors_info=&#8221;{}&#8221;][\/et_pb_button][et_pb_button button_url=&#8221;https:\/\/pedrovelho.rn.gov.br\/transparente\/index\/boletins-covid-19\/&#8221; button_text=&#8221;Boletins&#8221; button_alignment=&#8221;center&#8221; _builder_version=&#8221;4.16&#8243; custom_button=&#8221;on&#8221; button_text_color=&#8221;#ffffff&#8221; button_bg_color=&#8221;#0c71c3&#8243; global_colors_info=&#8221;{}&#8221;][\/et_pb_button][\/et_pb_column][\/et_pb_row][et_pb_row _builder_version=&#8221;4.16&#8243; global_colors_info=&#8221;{}&#8221;][et_pb_column type=&#8221;4_4&#8243; _builder_version=&#8221;4.16&#8243; global_colors_info=&#8221;{}&#8221;][et_pb_divider _builder_version=&#8221;4.16&#8243; global_colors_info=&#8221;{}&#8221;][\/et_pb_divider][et_pb_text _builder_version=&#8221;4.23&#8243; hover_enabled=&#8221;0&#8243; global_colors_info=&#8221;{}&#8221; sticky_enabled=&#8221;0&#8243;]<\/p>\n<div align=\"right\">|\u00a0<strong><a href=\"\/feed\" target=\"_blank\" rel=\"noopener\">XML\u2193<\/a><\/strong>\u00a0| <a href=\"https:\/\/lajes.rn.gov.br\/transparente\/index\/wp-content\/uploads\/2025\/04\/export.csv\" target=\"_blank\" rel=\"noopener\">\u00a0<strong>CSV\u2193<\/strong><\/a>\u00a0| <a href=\"?print=pdf\" target=\"_blank\" rel=\"noopener\"><strong>PDF<\/strong>\u2193<\/a>\u00a0\u00a0| <a href=\"?print=print\" target=\"_blank\" rel=\"noopener\"><strong>IMPRIMIR<\/strong>\u2193<\/a>\u00a0\u00a0|<\/div>\n<p>&nbsp;<\/p>\n<h2><strong>Sobre a doen\u00e7a<\/strong><\/h2>\n<p>&nbsp;<\/p>\n<p><strong>O que \u00e9 COVID-19<\/strong><\/p>\n<p>A\u00a0<strong>COVID-19<\/strong>\u00a0\u00e9 uma doen\u00e7a causada pelo coronav\u00edrus\u00a0<strong>SARS-CoV-2<\/strong>, que apresenta um quadro cl\u00ednico que varia de infec\u00e7\u00f5es assintom\u00e1ticas a quadros respirat\u00f3rios graves. De acordo com a Organiza\u00e7\u00e3o Mundial de Sa\u00fade (OMS), a maioria dos pacientes com COVID-19 (cerca de 80%) podem ser assintom\u00e1ticos e cerca de 20% dos casos podem requerer atendimento hospitalar por apresentarem dificuldade respirat\u00f3ria e desses casos aproximadamente 5% podem necessitar de suporte para o tratamento de insufici\u00eancia respirat\u00f3ria (suporte ventilat\u00f3rio).<\/p>\n<p>O que \u00e9 o coronav\u00edrus?<\/p>\n<p>Coronav\u00edrus \u00e9 uma fam\u00edlia de v\u00edrus que causam infec\u00e7\u00f5es respirat\u00f3rias.\u00a0<strong>O novo agente do coronav\u00edrus foi descoberto em 31\/12\/19<\/strong>\u00a0ap\u00f3s casos registrados na China. Provoca a doen\u00e7a chamada de coronav\u00edrus (COVID-19).<\/p>\n<p>Os primeiros coronav\u00edrus humanos foram isolados pela primeira vez em 1937. No entanto, foi em 1965 que o v\u00edrus foi descrito como coronav\u00edrus, em decorr\u00eancia do perfil na microscopia, parecendo uma coroa.<\/p>\n<p>A maioria das pessoas se infecta com os coronav\u00edrus comuns ao longo da vida, sendo as crian\u00e7as pequenas mais propensas a se infectarem com o tipo mais comum do v\u00edrus. Os coronav\u00edrus mais comuns que infectam humanos s\u00e3o o alpha coronav\u00edrus 229E e NL63 e beta coronav\u00edrus OC43, HKU1.<\/p>\n<p>Quais s\u00e3o os sintomas<\/p>\n<p>Os sintomas da COVID-19 podem variar de um simples resfriado at\u00e9 uma pneumonia severa. Sendo os sintomas mais comuns:<\/p>\n<ul>\n<li>Tosse<\/li>\n<li>Febre<\/li>\n<li>Coriza<\/li>\n<li>Dor de garganta<\/li>\n<li>Dificuldade para respirar<\/li>\n<\/ul>\n<p>Como \u00e9 transmitido<\/p>\n<p>A transmiss\u00e3o acontece de uma pessoa doente para outra ou por contato pr\u00f3ximo por meio de:<br \/>\n\u2022 Toque do aperto de m\u00e3o;<br \/>\n\u2022 Got\u00edculas de saliva;<br \/>\n\u2022 Espirro;<br \/>\n\u2022 Tosse;<br \/>\n\u2022 Catarro;<br \/>\n\u2022 Objetos ou superf\u00edcies contaminadas, como celulares, mesas, ma\u00e7anetas, brinquedos, teclados de computador etc.<\/p>\n<p>Diagn\u00f3stico<\/p>\n<p>O diagn\u00f3stico da COVID-19 \u00e9 realizado primeiramente pelo profissional de sa\u00fade que deve avaliar a presen\u00e7a de crit\u00e9rios cl\u00ednicos:<\/p>\n<ul>\n<li>Pessoa com quadro respirat\u00f3rio agudo, caracterizado por sensa\u00e7\u00e3o febril ou febre, que pode ou n\u00e3o estar presente na hora da consulta (podendo ser relatada ao profissional de sa\u00fade), acompanhada de tosse OU dor de garganta OU coriza OU dificuldade respirat\u00f3ria, o que \u00e9 chamado de S\u00edndrome Gripal.<\/li>\n<li>Pessoa com desconforto respirat\u00f3rio\/dificuldade para respirar OU press\u00e3o persistente no t\u00f3rax OU satura\u00e7\u00e3o de oxig\u00eanio menor do que 95% em ar ambiente OU colora\u00e7\u00e3o azulada dos l\u00e1bios ou rosto, o que \u00e9 chamado de S\u00edndrome Respirat\u00f3ria Aguda Grave<\/li>\n<\/ul>\n<p>Caso o paciente apresente os sintomas, o profissional de sa\u00fade poder\u00e1 solicitar exame laboratoriais:<\/p>\n<ul>\n<li>De biologia molecular (RT-PCR em tempo real) que diagnostica tanto a COVID-19, a Influenza ou a presen\u00e7a de V\u00edrus Sincicial Respirat\u00f3rio (VSR).<\/li>\n<li>Imunol\u00f3gico (teste r\u00e1pido) que detecta, ou n\u00e3o, a presen\u00e7a de anticorpos em amostras coletadas somente ap\u00f3s o s\u00e9timo dia de in\u00edcio dos sintomas.<\/li>\n<\/ul>\n<p>O diagn\u00f3stico da COVID-19 tamb\u00e9m pode ser realizado a partir de crit\u00e9rios como: hist\u00f3rico de contato pr\u00f3ximo ou domiciliar, nos \u00faltimos 7 dias antes do aparecimento dos sintomas, com caso confirmado laboratorialmente para COVID-19 e para o qual n\u00e3o foi poss\u00edvel realizar a investiga\u00e7\u00e3o laboratorial espec\u00edfica, tamb\u00e9m observados pelo profissional durante a consulta.<\/p>\n<p>Como se proteger<\/p>\n<p>As recomenda\u00e7\u00f5es de preven\u00e7\u00e3o \u00e0 COVID-19 s\u00e3o as seguintes:<\/p>\n<ul>\n<li>Lave com frequ\u00eancia as m\u00e3os at\u00e9 a altura dos punhos, com \u00e1gua e sab\u00e3o, ou ent\u00e3o higienize com \u00e1lcool em gel 70%.<\/li>\n<li>Ao tossir ou espirrar, cubra nariz e boca com len\u00e7o ou com o bra\u00e7o, e n\u00e3o com as m\u00e3os.<\/li>\n<li>Evite tocar olhos, nariz e boca com as m\u00e3os n\u00e3o lavadas.<\/li>\n<li>Ao tocar, lave sempre as m\u00e3os como j\u00e1 indicado.<\/li>\n<li>Mantenha uma dist\u00e2ncia m\u00ednima de cerca de 2 metros de qualquer pessoa tossindo ou espirrando.<\/li>\n<li>Evite abra\u00e7os, beijos e apertos de m\u00e3os. Adote um comportamento amig\u00e1vel sem contato f\u00edsico, mas sempre com um sorriso no rosto.<\/li>\n<li>Higienize com frequ\u00eancia o celular e os brinquedos das crian\u00e7as.<\/li>\n<li>N\u00e3o compartilhe objetos de uso pessoal, como talheres, toalhas, pratos e copos.<\/li>\n<li>Mantenha os ambientes limpos e bem ventilados.<\/li>\n<li>Evite circula\u00e7\u00e3o desnecess\u00e1ria nas ruas, est\u00e1dios, teatros, shoppings, shows, cinemas e igrejas. Se puder, fique em casa.<\/li>\n<li>Se estiver doente, evite contato f\u00edsico com outras pessoas, principalmente idosos e doentes cr\u00f4nicos, e fique em casa at\u00e9 melhorar.<\/li>\n<li>Durma bem e tenha uma alimenta\u00e7\u00e3o saud\u00e1vel.<\/li>\n<li>Utilize m\u00e1scaras caseiras ou artesanais feitas de tecido em situa\u00e7\u00f5es de sa\u00edda de sua resid\u00eancia.<\/li>\n<\/ul>\n<p>Dicas para viajantes<\/p>\n<ul>\n<li>Caso voc\u00ea precise viajar, avalie a real necessidade.\u00a0 Se for inevit\u00e1vel viajar, previna-se e siga as orienta\u00e7\u00f5es das autoridades de sa\u00fade locais.<\/li>\n<\/ul>\n<p>Ao voltar de viagens internacionais ou locais recomenda-se:<\/p>\n<ul>\n<li><strong>No caso de viagens internacionais<\/strong>: o isolamento domiciliar volunt\u00e1rio por 7 dias ap\u00f3s o desembarque, mesmo que n\u00e3o tenha apresentado os sintomas.<\/li>\n<li><strong>No caso de viagens locais<\/strong>: ficar atento \u00e0 sua condi\u00e7\u00e3o de sa\u00fade, principalmente nos primeiros 14 dias.<\/li>\n<li>Refor\u00e7ar os h\u00e1bitos de higiene, como lavar as m\u00e3os com \u00e1gua e sab\u00e3o.<\/li>\n<li>Caso apresente sintomas de gripe, siga as orienta\u00e7\u00f5es do Minist\u00e9rio da Sa\u00fade para isolamento domiciliar.<\/li>\n<\/ul>\n<p>Se eu ficar doente<\/p>\n<p>Caso voc\u00ea se sinta doente, com sintomas de gripe, evite contato f\u00edsico com outras pessoas, principalmente idosos e doentes cr\u00f4nicos e fique em casa por 14 dias.<br \/>\nS\u00f3 procure um hospital de refer\u00eancia se estiver com falta de ar.<\/p>\n<p>Em caso de diagn\u00f3stico positivo para COVID-19, siga as seguintes recomenda\u00e7\u00f5es:<\/p>\n<ul>\n<li>Fique em isolamento domiciliar.<\/li>\n<li>Utilize m\u00e1scara o tempo todo.<\/li>\n<li>Se for preciso cozinhar, use m\u00e1scara de prote\u00e7\u00e3o, cobrindo boca e nariz todo o tempo.<\/li>\n<li>Depois de usar o banheiro, nunca deixe de lavar as m\u00e3os com \u00e1gua e sab\u00e3o e sempre limpe vaso, pia e demais superf\u00edcies com \u00e1lcool ou \u00e1gua sanit\u00e1ria para desinfec\u00e7\u00e3o do ambiente.<\/li>\n<li>Separe toalhas de banho, garfos, facas, colheres, copos e outros objetos apenas para seu uso.<\/li>\n<li>O lixo produzido precisa ser separado e descartado.<\/li>\n<li>Sof\u00e1s e cadeiras tamb\u00e9m n\u00e3o podem ser compartilhados e precisam ser limpos frequentemente com \u00e1gua sanit\u00e1ria ou \u00e1lcool 70%.<\/li>\n<li>Mantenha a janela aberta para circula\u00e7\u00e3o de ar do ambiente usado para isolamento e a porta fechada, limpe a ma\u00e7aneta frequentemente com \u00e1lcool 70% ou \u00e1gua sanit\u00e1ria.<\/li>\n<\/ul>\n<p>Caso o paciente n\u00e3o more sozinho, os demais moradores da devem dormir em outro c\u00f4modo, longe da pessoa infectada, seguindo tamb\u00e9m as seguintes recomenda\u00e7\u00f5es:<\/p>\n<ul>\n<li>Manter a dist\u00e2ncia m\u00ednima de 1 metro entre o paciente e os demais moradores.<\/li>\n<li>Limpe os m\u00f3veis da casa frequentemente com \u00e1gua sanit\u00e1ria ou \u00e1lcool 70%.<\/li>\n<li>Se uma pessoa da casa tiver diagn\u00f3stico positivo, todos os moradores ficam em isolamento por 14 dias tamb\u00e9m.<\/li>\n<li>Caso outro familiar da casa tamb\u00e9m inicie os sintomas leves, ele deve reiniciar o isolamento de 14 dias. Se os sintomas forem graves, como dificuldade para respirar, ele deve procurar orienta\u00e7\u00e3o m\u00e9dica.<\/li>\n<\/ul>\n<p><em>Fonte: https:\/\/coronavirus.saude.gov.br\/sobre-a-doenca#o-que-e-covid<\/em><\/p>\n<p>&nbsp;[\/et_pb_text][\/et_pb_column][\/et_pb_row][\/et_pb_section]<\/p>\n<div style=\"margin: 20px 0;\"><div class=\"qrcswholewtapper\" style=\"text-align:left;\"><div class=\"qrcprowrapper\"  id=\"qrcwraa2leds\"><div class=\"qrc_canvass\" id=\"qrc_cuttenpages_2\" style=\"display:inline-block\" data-text=\"https:\/\/pedrovelho.rn.gov.br\/transparente\/index\/covid-19\/\"><\/div><\/div><\/div><\/div>","protected":false},"excerpt":{"rendered":"<p>|\u00a0XML\u2193\u00a0| \u00a0CSV\u2193\u00a0| PDF\u2193\u00a0\u00a0| IMPRIMIR\u2193\u00a0\u00a0| &nbsp; Sobre a doen\u00e7a &nbsp; O que \u00e9 COVID-19 A\u00a0COVID-19\u00a0\u00e9 uma doen\u00e7a causada pelo coronav\u00edrus\u00a0SARS-CoV-2, que apresenta um quadro cl\u00ednico que varia de infec\u00e7\u00f5es assintom\u00e1ticas a quadros respirat\u00f3rios graves. De acordo com a Organiza\u00e7\u00e3o Mundial de Sa\u00fade (OMS), a maioria dos pacientes com COVID-19 (cerca de 80%) podem ser assintom\u00e1ticos e [&hellip;]<\/p>\n","protected":false},"author":1,"featured_media":0,"parent":0,"menu_order":0,"comment_status":"closed","ping_status":"closed","template":"","meta":{"_et_pb_use_builder":"on","_et_pb_old_content":"<p>[vc_row width=\"full\" us_bg_image=\"8008\"][vc_column width=\"1\/3\"][us_btn text=\"Receitas COVID-19\" link=\"url:https%3A%2F%2Fpedrovelho.rn.gov.br%2Ftransparente%2Findex%2Freceitas-covid-19%2F|||\" align=\"center\"][us_separator][us_btn text=\"Contratos COVID-19\" link=\"url:https%3A%2F%2Fpedrovelho.rn.gov.br%2Ftransparente%2Findex%2Fcontratos-covid-19%2F|||\" align=\"center\"][us_separator][us_btn text=\"Boletins COVID-19\" link=\"url:https%3A%2F%2Fpedrovelho.rn.gov.br%2Ftransparente%2Findex%2Fboletins-covid-19%2F|||\" align=\"center\"][\/vc_column][vc_column width=\"1\/3\"][us_btn text=\"Despesas COVID-19\" link=\"url:https%3A%2F%2Fpedrovelho.rn.gov.br%2Ftransparente%2Findex%2Fdespesas-covid-19%2F|||\" align=\"center\"][us_separator][us_btn text=\"Plano de Contig\u00eancia COVID-19\" link=\"url:https%3A%2F%2Fpedrovelho.rn.gov.br%2Ftransparente%2Findex%2Fplano-de-contigencia-covid-19%2F|||\" align=\"center\"][us_separator][us_btn text=\"Not\u00edcias COVID-19\" link=\"url:https%3A%2F%2Fpedrovelho.rn.gov.br%2Ftransparente%2Findex%2Fnoticias-covid-19%2F|||\" align=\"center\"][vc_column_text]<\/p><p>\u00a0<\/p><p>\u00a0<\/p><p>\u00a0<\/p><p>\u00a0<\/p><p>\u00a0<\/p><p>\u00a0<\/p><p>\u00a0<\/p><p>\u00a0<\/p><p>\u00a0<\/p><p>\u00a0<\/p><p>\u00a0<\/p><p>\u00a0<\/p><p>\u00a0<\/p><p>\u00a0<\/p><p>\u00a0<\/p><p>\u00a0<\/p><p>\u00a0<\/p><p>\u00a0<\/p><p>\u00a0<\/p><p>\u00a0<\/p><p>\u00a0<\/p><p>\u00a0<\/p><p>\u00a0<\/p><p>\u00a0<\/p><p>\u00a0<\/p><p>\u00a0<\/p><p>\u00a0<\/p><p>\u00a0<\/p><p>\u00a0<\/p><p>\u00a0<\/p><p>\u00a0<\/p><p>\u00a0<\/p><p>\u00a0<\/p><p>[\/vc_column_text][\/vc_column][vc_column width=\"1\/3\"][us_btn text=\"Licita\u00e7\u00f5es COVID-19\" link=\"url:https%3A%2F%2Fpedrovelho.rn.gov.br%2Ftransparente%2Findex%2Flicitacoes-covid-19%2F|||\" align=\"center\"][us_separator][us_btn text=\"Legisla\u00e7\u00e3o COVID-19\" link=\"url:https%3A%2F%2Fpedrovelho.rn.gov.br%2Ftransparente%2Findex%2Flegislacao-covid-19%2F|||\" align=\"center\"][us_separator][us_btn text=\"Sobre a doen\u00e7a\" link=\"url:https%3A%2F%2Fpedrovelho.rn.gov.br%2Ftransparente%2Findex%2Fsobre-a-doenca%2F|||\" align=\"center\"][\/vc_column][\/vc_row]<\/p>","_et_gb_content_width":"","footnotes":""},"class_list":["post-8004","page","type-page","status-publish","hentry"],"_links":{"self":[{"href":"https:\/\/pedrovelho.rn.gov.br\/transparente\/index\/wp-json\/wp\/v2\/pages\/8004","targetHints":{"allow":["GET"]}}],"collection":[{"href":"https:\/\/pedrovelho.rn.gov.br\/transparente\/index\/wp-json\/wp\/v2\/pages"}],"about":[{"href":"https:\/\/pedrovelho.rn.gov.br\/transparente\/index\/wp-json\/wp\/v2\/types\/page"}],"author":[{"embeddable":true,"href":"https:\/\/pedrovelho.rn.gov.br\/transparente\/index\/wp-json\/wp\/v2\/users\/1"}],"replies":[{"embeddable":true,"href":"https:\/\/pedrovelho.rn.gov.br\/transparente\/index\/wp-json\/wp\/v2\/comments?post=8004"}],"version-history":[{"count":22,"href":"https:\/\/pedrovelho.rn.gov.br\/transparente\/index\/wp-json\/wp\/v2\/pages\/8004\/revisions"}],"predecessor-version":[{"id":33188,"href":"https:\/\/pedrovelho.rn.gov.br\/transparente\/index\/wp-json\/wp\/v2\/pages\/8004\/revisions\/33188"}],"wp:attachment":[{"href":"https:\/\/pedrovelho.rn.gov.br\/transparente\/index\/wp-json\/wp\/v2\/media?parent=8004"}],"curies":[{"name":"wp","href":"https:\/\/api.w.org\/{rel}","templated":true}]}}