{"id":8260,"date":"2020-07-03T16:02:50","date_gmt":"2020-07-03T16:02:50","guid":{"rendered":"https:\/\/pedrovelho.rn.gov.br\/transparente\/index\/?page_id=8260"},"modified":"2021-02-02T13:57:47","modified_gmt":"2021-02-02T13:57:47","slug":"licitacoes-covid-19","status":"publish","type":"page","link":"https:\/\/pedrovelho.rn.gov.br\/transparente\/index\/licitacoes-covid-19\/","title":{"rendered":"Licita\u00e7\u00f5es COVID-19"},"content":{"rendered":"<p>[et_pb_section fb_built=&#8221;1&#8243; _builder_version=&#8221;3.26.3&#8243; background_image=&#8221;https:\/\/pedrovelho.rn.gov.br\/transparente\/index\/wp-content\/uploads\/2020\/06\/coronavirus-2019-ncov-em-fundo-branco-cuidados-medicos-e-conceito-de-microbiologia-design-para-o-surto-de-covid-19_34926-395.jpg&#8221;][et_pb_row _builder_version=&#8221;3.25&#8243; background_size=&#8221;initial&#8221; background_position=&#8221;top_left&#8221; background_repeat=&#8221;repeat&#8221;][et_pb_column type=&#8221;4_4&#8243; _builder_version=&#8221;3.25&#8243; custom_padding=&#8221;|||&#8221; custom_padding__hover=&#8221;|||&#8221;][et_pb_post_title _builder_version=&#8221;3.26.3&#8243; meta=&#8221;off&#8221; featured_image=&#8221;off&#8221; border_radii=&#8221;on|10px|10px|10px|10px&#8221; border_width_all=&#8221;10px&#8221; border_color_all=&#8221;#ffffff&#8221; box_shadow_style=&#8221;preset1&#8243;][\/et_pb_post_title][et_pb_text _builder_version=&#8221;3.26.3&#8243; border_radii=&#8221;on|10px|10px|10px|10px&#8221; border_width_all=&#8221;10px&#8221; border_color_all=&#8221;#ffffff&#8221; box_shadow_style=&#8221;preset1&#8243;]<\/p>\n<div class=\"pt-cv-wrapper et_smooth_scroll_disabled\"><div class=\"pt-cv-view pt-cv-grid pt-cv-colsys\" id=\"pt-cv-view-8026e727bw\"><div data-id=\"pt-cv-page-1\" class=\"pt-cv-page\" data-cvc=\"1\"><div class=\"col-md-12 col-sm-12 col-xs-12 pt-cv-content-item pt-cv-1-col\" ><div class='pt-cv-ifield'><p class=\"pt-cv-title\"><a href=\"https:\/\/pedrovelho.rn.gov.br\/transparente\/index\/extrato-de-dispensa-no-46-2021-contratado-edmilson-florentino-de-lima\/\" class=\"_blank\" target=\"_blank\" >EXTRATO DE DISPENSA\u00a0N\u00ba\u00a046\/2021 | CONTRATADO: Edmilson Florentino de Lima<\/a><\/p><\/div><\/div>\n<div class=\"col-md-12 col-sm-12 col-xs-12 pt-cv-content-item pt-cv-1-col\" ><div class='pt-cv-ifield'><p class=\"pt-cv-title\"><a href=\"https:\/\/pedrovelho.rn.gov.br\/transparente\/index\/extrato-do-primeiro-termo-aditivo-prorrogacao-de-prazo-ref-a-dispensa-de-no-108-2020-contratado-washington-pinheiro-cardoso-cpf-116-679-497-05\/\" class=\"_blank\" target=\"_blank\" >EXTRATO DO PRIMEIRO TERMO ADITIVO  PRORROGA\u00c7\u00c3O DE PRAZO \u2013 REF. \u00c0 DISPENSA DE N\u00ba 108\/2020 | Contratado: Washington Pinheiro Cardoso CPF: 116.679.497-05<\/a><\/p><\/div><\/div>\n<div class=\"col-md-12 col-sm-12 col-xs-12 pt-cv-content-item pt-cv-1-col\" ><div class='pt-cv-ifield'><p class=\"pt-cv-title\"><a href=\"https:\/\/pedrovelho.rn.gov.br\/transparente\/index\/extrato-de-dispensa-no-27-2021-contratado-p-e-p-locacoes-e-servicos-eireli-me\/\" class=\"_blank\" target=\"_blank\" >EXTRATO DE DISPENSA N\u00ba 27\/2021 | CONTRATADO: P E P LOCA\u00c7\u00d5ES E SERVI\u00c7OS EIRELI &#8211; ME<\/a><\/p><\/div><\/div>\n<div class=\"col-md-12 col-sm-12 col-xs-12 pt-cv-content-item pt-cv-1-col\" ><div class='pt-cv-ifield'><p class=\"pt-cv-title\"><a href=\"https:\/\/pedrovelho.rn.gov.br\/transparente\/index\/extrato-de-dispensa-no-120-2020-contratado-ff-comerical-e-representacao\/\" class=\"_blank\" target=\"_blank\" >EXTRATO DE DISPENSA N\u00ba\u00a0120\/2020 &#8211; CONTRATADO: FF COMERICAL E REPRESENTA\u00c7\u00c3O<\/a><\/p><\/div><\/div>\n<div class=\"col-md-12 col-sm-12 col-xs-12 pt-cv-content-item pt-cv-1-col\" ><div class='pt-cv-ifield'><p class=\"pt-cv-title\"><a href=\"https:\/\/pedrovelho.rn.gov.br\/transparente\/index\/extrato-de-dispensa-no-115-2020-contratado-rn-hospitalar-atacadista-eireli-epp\/\" class=\"_blank\" target=\"_blank\" >EXTRATO DE DISPENSA N\u00ba\u00a0115\/2020 &#8211; CONTRATADO: RN HOSPITALAR ATACADISTA EIRELI EPP<\/a><\/p><\/div><\/div>\n<div class=\"col-md-12 col-sm-12 col-xs-12 pt-cv-content-item pt-cv-1-col\" ><div class='pt-cv-ifield'><p class=\"pt-cv-title\"><a href=\"https:\/\/pedrovelho.rn.gov.br\/transparente\/index\/extrato-de-dispensa-no-112-2020-contratado-cirurgica-rn-atacadista-eireli\/\" class=\"_blank\" target=\"_blank\" >EXTRATO DE DISPENSA\u00a0N\u00ba\u00a0112\/2020 &#8211; CONTRATADO: CIRURGICA RN ATACADISTA EIRELI<\/a><\/p><\/div><\/div>\n<div class=\"col-md-12 col-sm-12 col-xs-12 pt-cv-content-item pt-cv-1-col\" ><div class='pt-cv-ifield'><p class=\"pt-cv-title\"><a href=\"https:\/\/pedrovelho.rn.gov.br\/transparente\/index\/termo-de-dispensa-de-licitacao-no-112-2020\/\" class=\"_blank\" target=\"_blank\" >TERMO\u00a0DE\u00a0DISPENSA DE LICITA\u00c7\u00c3O N\u00ba 112\/2020<\/a><\/p><\/div><\/div>\n<div class=\"col-md-12 col-sm-12 col-xs-12 pt-cv-content-item pt-cv-1-col\" ><div class='pt-cv-ifield'><p class=\"pt-cv-title\"><a href=\"https:\/\/pedrovelho.rn.gov.br\/transparente\/index\/extrato-de-contrato-base-legal-dispensa-de-licitacao-no-107-2020-contratadao-sr-weglen-wagner-cordeiro-de-almeida\/\" class=\"_blank\" target=\"_blank\" >EXTRATO DE CONTRATO\/Base legal: DISPENSA DE LICITA\u00c7\u00c3O N\u00ba 107\/2020\u00a0&#8211; Contratada(O): Sr. WEGLEN WAGNER CORDEIRO DE ALMEIDA<\/a><\/p><\/div><\/div>\n<div class=\"col-md-12 col-sm-12 col-xs-12 pt-cv-content-item pt-cv-1-col\" ><div class='pt-cv-ifield'><p class=\"pt-cv-title\"><a href=\"https:\/\/pedrovelho.rn.gov.br\/transparente\/index\/extrato-de-contrato-contratadao-sr-washington-pinheiro-cardoso-2\/\" class=\"_blank\" target=\"_blank\" >EXTRATO DE CONTRATO\/Base legal: DISPENSA DE LICITA\u00c7\u00c3O N\u00ba 108\/2020\u00a0&#8211; Contratada(O): Sr. WASHINGTON PINHEIRO CARDOSO<\/a><\/p><\/div><\/div>\n<div class=\"col-md-12 col-sm-12 col-xs-12 pt-cv-content-item pt-cv-1-col\" ><div class='pt-cv-ifield'><p class=\"pt-cv-title\"><a href=\"https:\/\/pedrovelho.rn.gov.br\/transparente\/index\/homologacao-e-ratificacao-de-dispensa-no-98-2020\/\" class=\"_blank\" target=\"_blank\" >HOMOLOGA\u00c7\u00c3O E RATIFICA\u00c7\u00c3O DE DISPENSA N\u00ba 98\/2020<\/a><\/p><\/div><\/div>\n<div class=\"col-md-12 col-sm-12 col-xs-12 pt-cv-content-item pt-cv-1-col\" ><div class='pt-cv-ifield'><p class=\"pt-cv-title\"><a href=\"https:\/\/pedrovelho.rn.gov.br\/transparente\/index\/9152-2\/\" class=\"_blank\" target=\"_blank\" >EXTRATO DE DISPENSA\/CONTRATO\u00a0N\u00ba\u00a098\/2020 &#8211; CONTRATADO: RN HOSPITALAR ATACADISTA EIRELI EPP<\/a><\/p><\/div><\/div>\n<div class=\"col-md-12 col-sm-12 col-xs-12 pt-cv-content-item pt-cv-1-col\" ><div class='pt-cv-ifield'><p class=\"pt-cv-title\"><a href=\"https:\/\/pedrovelho.rn.gov.br\/transparente\/index\/termo-de-dispensa-de-licitacao-no-103-2020\/\" class=\"_blank\" target=\"_blank\" >TERMO\u00a0DE\u00a0DISPENSA DE LICITA\u00c7\u00c3O N\u00ba 103\/2020<\/a><\/p><\/div><\/div>\n<div class=\"col-md-12 col-sm-12 col-xs-12 pt-cv-content-item pt-cv-1-col\" ><div class='pt-cv-ifield'><p class=\"pt-cv-title\"><a href=\"https:\/\/pedrovelho.rn.gov.br\/transparente\/index\/homologacao-e-ratificacao-de-dispensa-no-99-2020\/\" class=\"_blank\" target=\"_blank\" >HOMOLOGA\u00c7\u00c3O e RATIFICA\u00c7\u00c3O DE DISPENSA N\u00ba 99\/2020<\/a><\/p><\/div><\/div>\n<div class=\"col-md-12 col-sm-12 col-xs-12 pt-cv-content-item pt-cv-1-col\" ><div class='pt-cv-ifield'><p class=\"pt-cv-title\"><a href=\"https:\/\/pedrovelho.rn.gov.br\/transparente\/index\/extrato-de-dispensa-contrato-no-103-2020-contratado-r5-solucoes-em-saude-eireli\/\" class=\"_blank\" target=\"_blank\" >EXTRATO DE DISPENSA\/CONTRATO\u00a0N\u00ba\u00a0103\/2020 &#8211; CONTRATADO: R5 SOLUCOES EM SAUDE EIRELI<\/a><\/p><\/div><\/div>\n<div class=\"col-md-12 col-sm-12 col-xs-12 pt-cv-content-item pt-cv-1-col\" ><div class='pt-cv-ifield'><p class=\"pt-cv-title\"><a href=\"https:\/\/pedrovelho.rn.gov.br\/transparente\/index\/republicacao-por-incorrecao-processo-administrativo-no-0601030-2020-extrato\/\" class=\"_blank\" target=\"_blank\" >REPUBLICA\u00c7\u00c3O POR INCORRE\u00c7\u00c3O &#8211; PROCESSO ADMINISTRATIVO N\u00ba 0601030\/2020 &#8211; EXTRATO<\/a><\/p><\/div><\/div>\n<div class=\"col-md-12 col-sm-12 col-xs-12 pt-cv-content-item pt-cv-1-col\" ><div class='pt-cv-ifield'><p class=\"pt-cv-title\"><a href=\"https:\/\/pedrovelho.rn.gov.br\/transparente\/index\/processo-administrativo-no-601034-2020-extrato-de-contrato\/\" class=\"_blank\" target=\"_blank\" >PROCESSO ADMINISTRATIVO N\u00ba 601034\/2020 &#8211; EXTRATO DE CONTRATO<\/a><\/p><\/div><\/div>\n<div class=\"col-md-12 col-sm-12 col-xs-12 pt-cv-content-item pt-cv-1-col\" ><div class='pt-cv-ifield'><p class=\"pt-cv-title\"><a href=\"https:\/\/pedrovelho.rn.gov.br\/transparente\/index\/processo-administrativo-no-0601034-2020-termo-de-dispensa-de-licitacao\/\" class=\"_blank\" target=\"_blank\" >PROCESSO ADMINISTRATIVO N\u00ba 0601034\/2020 &#8211; TERMO DE DISPENSA DE LICITA\u00c7\u00c3O<\/a><\/p><\/div><\/div>\n<div class=\"col-md-12 col-sm-12 col-xs-12 pt-cv-content-item pt-cv-1-col\" ><div class='pt-cv-ifield'><p class=\"pt-cv-title\"><a href=\"https:\/\/pedrovelho.rn.gov.br\/transparente\/index\/extrato-de-dispensa-no-85-2020\/\" class=\"_blank\" target=\"_blank\" >EXTRATO DE DISPENSA N\u00ba 85\/2020<\/a><\/p><\/div><\/div>\n<div class=\"col-md-12 col-sm-12 col-xs-12 pt-cv-content-item pt-cv-1-col\" ><div class='pt-cv-ifield'><p class=\"pt-cv-title\"><a href=\"https:\/\/pedrovelho.rn.gov.br\/transparente\/index\/termo-de-dispensa-de-licitacao-no-88-2020\/\" class=\"_blank\" target=\"_blank\" >TERMO DE DISPENSA DE LICITA\u00c7\u00c3O N\u00ba 88\/2020<\/a><\/p><\/div><\/div>\n<div class=\"col-md-12 col-sm-12 col-xs-12 pt-cv-content-item pt-cv-1-col\" ><div class='pt-cv-ifield'><p class=\"pt-cv-title\"><a href=\"https:\/\/pedrovelho.rn.gov.br\/transparente\/index\/republicacao-por-incorrecao-termo-de-dispensa-de-licitacao-no-85-2020\/\" class=\"_blank\" target=\"_blank\" >REPUBLICA\u00c7\u00c3O POR INCORRE\u00c7\u00c3O &#8211; TERMO DE DISPENSA DE LICITA\u00c7\u00c3O N\u00ba 85\/2020<\/a><\/p><\/div><\/div><\/div><\/div>\n<div class=\" pt-cv-pagination-wrapper\"><ul class=\"pt-cv-pagination pt-cv-ajax pagination\" data-totalpages=\"2\" data-currentpage=\"1\" data-sid=\"8026e727bw\" data-unid=\"\" data-isblock=\"\" data-postid=\"\"><li class=\"active\"><a href=\"#\">1<\/a><\/li>\n\t<li ><a class=\"\" href=\"https:\/\/pedrovelho.rn.gov.br\/transparente\/index\/wp-json\/wp\/v2\/pages\/8260\/?_page=2\">2<\/a><\/li>\n\t<li ><a class=\" \" href=\"https:\/\/pedrovelho.rn.gov.br\/transparente\/index\/wp-json\/wp\/v2\/pages\/8260\/?_page=2\">&rsaquo;<\/a><\/li>\n\t<\/ul><img loading=\"lazy\" decoding=\"async\" width=\"15\" height=\"15\" class=\"pt-cv-spinner\" alt=\"Carregando...;\" src=\"data:image\/gif;base64,R0lGODlhDwAPALMPAMrKygwMDJOTkz09PZWVla+vr3p6euTk5M7OzuXl5TMzMwAAAJmZmWZmZszMzP\/\/\/yH\/C05FVFNDQVBFMi4wAwEAAAAh+QQFCgAPACwAAAAADwAPAAAEQvDJaZaZOIcV8iQK8VRX4iTYoAwZ4iCYoAjZ4RxejhVNoT+mRGP4cyF4Pp0N98sBGIBMEMOotl6YZ3S61Bmbkm4mAgAh+QQFCgAPACwAAAAADQANAAAENPDJSRSZeA418itN8QiK8BiLITVsFiyBBIoYqnoewAD4xPw9iY4XLGYSjkQR4UAUD45DLwIAIfkEBQoADwAsAAAAAA8ACQAABC\/wyVlamTi3nSdgwFNdhEJgTJoNyoB9ISYoQmdjiZPcj7EYCAeCF1gEDo4Dz2eIAAAh+QQFCgAPACwCAAAADQANAAAEM\/DJBxiYeLKdX3IJZT1FU0iIg2RNKx3OkZVnZ98ToRD4MyiDnkAh6BkNC0MvsAj0kMpHBAAh+QQFCgAPACwGAAAACQAPAAAEMDC59KpFDll73HkAA2wVY5KgiK5b0RRoI6MuzG6EQqCDMlSGheEhUAgqgUUAFRySIgAh+QQFCgAPACwCAAIADQANAAAEM\/DJKZNLND\/kkKaHc3xk+QAMYDKsiaqmZCxGVjSFFCxB1vwy2oOgIDxuucxAMTAJFAJNBAAh+QQFCgAPACwAAAYADwAJAAAEMNAs86q1yaWwwv2Ig0jUZx3OYa4XoRAfwADXoAwfo1+CIjyFRuEho60aSNYlOPxEAAAh+QQFCgAPACwAAAIADQANAAAENPA9s4y8+IUVcqaWJ4qEQozSoAzoIyhCK2NFU2SJk0hNnyEOhKR2AzAAj4Pj4GE4W0bkJQIAOw==\" \/><div class=\"clear pt-cv-clear-pagination\"><\/div><\/div><\/div>\n<p>&nbsp;<\/p>\n<p>&nbsp;<\/p>\n<p>&nbsp;<\/p>\n<p>&nbsp;<\/p>\n<p>&nbsp;<\/p>\n<p>&nbsp;<\/p>\n<p>&nbsp;<\/p>\n<p>&nbsp;<\/p>\n<p>&nbsp;<\/p>\n<p>&nbsp;<\/p>\n<p>&nbsp;<\/p>\n<p>&nbsp;<\/p>\n<p>&nbsp;<\/p>\n<p>&nbsp;<\/p>\n<p>&nbsp;<\/p>\n<p>&nbsp;<\/p>\n<p>&nbsp;<\/p>\n<p>[\/et_pb_text][\/et_pb_column][\/et_pb_row][et_pb_row _builder_version=&#8221;3.26.3&#8243;][et_pb_column type=&#8221;4_4&#8243; _builder_version=&#8221;3.26.3&#8243;][\/et_pb_column][\/et_pb_row][\/et_pb_section]<\/p>\n<div style=\"margin: 20px 0;\"><div class=\"qrcswholewtapper\" style=\"text-align:left;\"><div class=\"qrcprowrapper\"  id=\"qrcwraa2leds\"><div class=\"qrc_canvass\" id=\"qrc_cuttenpages_2\" style=\"display:inline-block\" data-text=\"https:\/\/pedrovelho.rn.gov.br\/transparente\/index\/licitacoes-covid-19\/\"><\/div><\/div><\/div><\/div>","protected":false},"excerpt":{"rendered":"<div class=\"pt-cv-wrapper et_smooth_scroll_disabled\"><div class=\"pt-cv-view pt-cv-grid pt-cv-colsys\" id=\"pt-cv-view-8026e727bw\"><div data-id=\"pt-cv-page-1\" class=\"pt-cv-page\" data-cvc=\"1\"><div class=\"col-md-12 col-sm-12 col-xs-12 pt-cv-content-item pt-cv-1-col\" ><div class='pt-cv-ifield'><p class=\"pt-cv-title\"><a href=\"https:\/\/pedrovelho.rn.gov.br\/transparente\/index\/extrato-de-dispensa-no-46-2021-contratado-edmilson-florentino-de-lima\/\" class=\"_blank\" target=\"_blank\" >EXTRATO DE DISPENSA\u00a0N\u00ba\u00a046\/2021 | CONTRATADO: Edmilson Florentino de Lima<\/a><\/p><\/div><\/div>\n<div class=\"col-md-12 col-sm-12 col-xs-12 pt-cv-content-item pt-cv-1-col\" ><div class='pt-cv-ifield'><p class=\"pt-cv-title\"><a href=\"https:\/\/pedrovelho.rn.gov.br\/transparente\/index\/extrato-do-primeiro-termo-aditivo-prorrogacao-de-prazo-ref-a-dispensa-de-no-108-2020-contratado-washington-pinheiro-cardoso-cpf-116-679-497-05\/\" class=\"_blank\" target=\"_blank\" >EXTRATO DO PRIMEIRO TERMO ADITIVO  PRORROGA\u00c7\u00c3O DE PRAZO \u2013 REF. \u00c0 DISPENSA DE N\u00ba 108\/2020 | Contratado: Washington Pinheiro Cardoso CPF: 116.679.497-05<\/a><\/p><\/div><\/div>\n<div class=\"col-md-12 col-sm-12 col-xs-12 pt-cv-content-item pt-cv-1-col\" ><div class='pt-cv-ifield'><p class=\"pt-cv-title\"><a href=\"https:\/\/pedrovelho.rn.gov.br\/transparente\/index\/extrato-de-dispensa-no-27-2021-contratado-p-e-p-locacoes-e-servicos-eireli-me\/\" class=\"_blank\" target=\"_blank\" >EXTRATO DE DISPENSA N\u00ba 27\/2021 | CONTRATADO: P E P LOCA\u00c7\u00d5ES E SERVI\u00c7OS EIRELI &#8211; ME<\/a><\/p><\/div><\/div>\n<div class=\"col-md-12 col-sm-12 col-xs-12 pt-cv-content-item pt-cv-1-col\" ><div class='pt-cv-ifield'><p class=\"pt-cv-title\"><a href=\"https:\/\/pedrovelho.rn.gov.br\/transparente\/index\/extrato-de-dispensa-no-120-2020-contratado-ff-comerical-e-representacao\/\" class=\"_blank\" target=\"_blank\" >EXTRATO DE DISPENSA N\u00ba\u00a0120\/2020 &#8211; CONTRATADO: FF COMERICAL E REPRESENTA\u00c7\u00c3O<\/a><\/p><\/div><\/div>\n<div class=\"col-md-12 col-sm-12 col-xs-12 pt-cv-content-item pt-cv-1-col\" ><div class='pt-cv-ifield'><p class=\"pt-cv-title\"><a href=\"https:\/\/pedrovelho.rn.gov.br\/transparente\/index\/extrato-de-dispensa-no-115-2020-contratado-rn-hospitalar-atacadista-eireli-epp\/\" class=\"_blank\" target=\"_blank\" >EXTRATO DE DISPENSA N\u00ba\u00a0115\/2020 &#8211; CONTRATADO: RN HOSPITALAR ATACADISTA EIRELI EPP<\/a><\/p><\/div><\/div>\n<div class=\"col-md-12 col-sm-12 col-xs-12 pt-cv-content-item pt-cv-1-col\" ><div class='pt-cv-ifield'><p class=\"pt-cv-title\"><a href=\"https:\/\/pedrovelho.rn.gov.br\/transparente\/index\/extrato-de-dispensa-no-112-2020-contratado-cirurgica-rn-atacadista-eireli\/\" class=\"_blank\" target=\"_blank\" >EXTRATO DE DISPENSA\u00a0N\u00ba\u00a0112\/2020 &#8211; CONTRATADO: CIRURGICA RN ATACADISTA EIRELI<\/a><\/p><\/div><\/div>\n<div class=\"col-md-12 col-sm-12 col-xs-12 pt-cv-content-item pt-cv-1-col\" ><div class='pt-cv-ifield'><p class=\"pt-cv-title\"><a href=\"https:\/\/pedrovelho.rn.gov.br\/transparente\/index\/termo-de-dispensa-de-licitacao-no-112-2020\/\" class=\"_blank\" target=\"_blank\" >TERMO\u00a0DE\u00a0DISPENSA DE LICITA\u00c7\u00c3O N\u00ba 112\/2020<\/a><\/p><\/div><\/div>\n<div class=\"col-md-12 col-sm-12 col-xs-12 pt-cv-content-item pt-cv-1-col\" ><div class='pt-cv-ifield'><p class=\"pt-cv-title\"><a href=\"https:\/\/pedrovelho.rn.gov.br\/transparente\/index\/extrato-de-contrato-base-legal-dispensa-de-licitacao-no-107-2020-contratadao-sr-weglen-wagner-cordeiro-de-almeida\/\" class=\"_blank\" target=\"_blank\" >EXTRATO DE CONTRATO\/Base legal: DISPENSA DE LICITA\u00c7\u00c3O N\u00ba 107\/2020\u00a0&#8211; Contratada(O): Sr. WEGLEN WAGNER CORDEIRO DE ALMEIDA<\/a><\/p><\/div><\/div>\n<div class=\"col-md-12 col-sm-12 col-xs-12 pt-cv-content-item pt-cv-1-col\" ><div class='pt-cv-ifield'><p class=\"pt-cv-title\"><a href=\"https:\/\/pedrovelho.rn.gov.br\/transparente\/index\/extrato-de-contrato-contratadao-sr-washington-pinheiro-cardoso-2\/\" class=\"_blank\" target=\"_blank\" >EXTRATO DE CONTRATO\/Base legal: DISPENSA DE LICITA\u00c7\u00c3O N\u00ba 108\/2020\u00a0&#8211; Contratada(O): Sr. WASHINGTON PINHEIRO CARDOSO<\/a><\/p><\/div><\/div>\n<div class=\"col-md-12 col-sm-12 col-xs-12 pt-cv-content-item pt-cv-1-col\" ><div class='pt-cv-ifield'><p class=\"pt-cv-title\"><a href=\"https:\/\/pedrovelho.rn.gov.br\/transparente\/index\/homologacao-e-ratificacao-de-dispensa-no-98-2020\/\" class=\"_blank\" target=\"_blank\" >HOMOLOGA\u00c7\u00c3O E RATIFICA\u00c7\u00c3O DE DISPENSA N\u00ba 98\/2020<\/a><\/p><\/div><\/div>\n<div class=\"col-md-12 col-sm-12 col-xs-12 pt-cv-content-item pt-cv-1-col\" ><div class='pt-cv-ifield'><p class=\"pt-cv-title\"><a href=\"https:\/\/pedrovelho.rn.gov.br\/transparente\/index\/9152-2\/\" class=\"_blank\" target=\"_blank\" >EXTRATO DE DISPENSA\/CONTRATO\u00a0N\u00ba\u00a098\/2020 &#8211; CONTRATADO: RN HOSPITALAR ATACADISTA EIRELI EPP<\/a><\/p><\/div><\/div>\n<div class=\"col-md-12 col-sm-12 col-xs-12 pt-cv-content-item pt-cv-1-col\" ><div class='pt-cv-ifield'><p class=\"pt-cv-title\"><a href=\"https:\/\/pedrovelho.rn.gov.br\/transparente\/index\/termo-de-dispensa-de-licitacao-no-103-2020\/\" class=\"_blank\" target=\"_blank\" >TERMO\u00a0DE\u00a0DISPENSA DE LICITA\u00c7\u00c3O N\u00ba 103\/2020<\/a><\/p><\/div><\/div>\n<div class=\"col-md-12 col-sm-12 col-xs-12 pt-cv-content-item pt-cv-1-col\" ><div class='pt-cv-ifield'><p class=\"pt-cv-title\"><a href=\"https:\/\/pedrovelho.rn.gov.br\/transparente\/index\/homologacao-e-ratificacao-de-dispensa-no-99-2020\/\" class=\"_blank\" target=\"_blank\" >HOMOLOGA\u00c7\u00c3O e RATIFICA\u00c7\u00c3O DE DISPENSA N\u00ba 99\/2020<\/a><\/p><\/div><\/div>\n<div class=\"col-md-12 col-sm-12 col-xs-12 pt-cv-content-item pt-cv-1-col\" ><div class='pt-cv-ifield'><p class=\"pt-cv-title\"><a href=\"https:\/\/pedrovelho.rn.gov.br\/transparente\/index\/extrato-de-dispensa-contrato-no-103-2020-contratado-r5-solucoes-em-saude-eireli\/\" class=\"_blank\" target=\"_blank\" >EXTRATO DE DISPENSA\/CONTRATO\u00a0N\u00ba\u00a0103\/2020 &#8211; CONTRATADO: R5 SOLUCOES EM SAUDE EIRELI<\/a><\/p><\/div><\/div>\n<div class=\"col-md-12 col-sm-12 col-xs-12 pt-cv-content-item pt-cv-1-col\" ><div class='pt-cv-ifield'><p class=\"pt-cv-title\"><a href=\"https:\/\/pedrovelho.rn.gov.br\/transparente\/index\/republicacao-por-incorrecao-processo-administrativo-no-0601030-2020-extrato\/\" class=\"_blank\" target=\"_blank\" >REPUBLICA\u00c7\u00c3O POR INCORRE\u00c7\u00c3O &#8211; PROCESSO ADMINISTRATIVO N\u00ba 0601030\/2020 &#8211; EXTRATO<\/a><\/p><\/div><\/div>\n<div class=\"col-md-12 col-sm-12 col-xs-12 pt-cv-content-item pt-cv-1-col\" ><div class='pt-cv-ifield'><p class=\"pt-cv-title\"><a href=\"https:\/\/pedrovelho.rn.gov.br\/transparente\/index\/processo-administrativo-no-601034-2020-extrato-de-contrato\/\" class=\"_blank\" target=\"_blank\" >PROCESSO ADMINISTRATIVO N\u00ba 601034\/2020 &#8211; EXTRATO DE CONTRATO<\/a><\/p><\/div><\/div>\n<div class=\"col-md-12 col-sm-12 col-xs-12 pt-cv-content-item pt-cv-1-col\" ><div class='pt-cv-ifield'><p class=\"pt-cv-title\"><a href=\"https:\/\/pedrovelho.rn.gov.br\/transparente\/index\/processo-administrativo-no-0601034-2020-termo-de-dispensa-de-licitacao\/\" class=\"_blank\" target=\"_blank\" >PROCESSO ADMINISTRATIVO N\u00ba 0601034\/2020 &#8211; TERMO DE DISPENSA DE LICITA\u00c7\u00c3O<\/a><\/p><\/div><\/div>\n<div class=\"col-md-12 col-sm-12 col-xs-12 pt-cv-content-item pt-cv-1-col\" ><div class='pt-cv-ifield'><p class=\"pt-cv-title\"><a href=\"https:\/\/pedrovelho.rn.gov.br\/transparente\/index\/extrato-de-dispensa-no-85-2020\/\" class=\"_blank\" target=\"_blank\" >EXTRATO DE DISPENSA N\u00ba 85\/2020<\/a><\/p><\/div><\/div>\n<div class=\"col-md-12 col-sm-12 col-xs-12 pt-cv-content-item pt-cv-1-col\" ><div class='pt-cv-ifield'><p class=\"pt-cv-title\"><a href=\"https:\/\/pedrovelho.rn.gov.br\/transparente\/index\/termo-de-dispensa-de-licitacao-no-88-2020\/\" class=\"_blank\" target=\"_blank\" >TERMO DE DISPENSA DE LICITA\u00c7\u00c3O N\u00ba 88\/2020<\/a><\/p><\/div><\/div>\n<div class=\"col-md-12 col-sm-12 col-xs-12 pt-cv-content-item pt-cv-1-col\" ><div class='pt-cv-ifield'><p class=\"pt-cv-title\"><a href=\"https:\/\/pedrovelho.rn.gov.br\/transparente\/index\/republicacao-por-incorrecao-termo-de-dispensa-de-licitacao-no-85-2020\/\" class=\"_blank\" target=\"_blank\" >REPUBLICA\u00c7\u00c3O POR INCORRE\u00c7\u00c3O &#8211; TERMO DE DISPENSA DE LICITA\u00c7\u00c3O N\u00ba 85\/2020<\/a><\/p><\/div><\/div><\/div><\/div>\n<div class=\" pt-cv-pagination-wrapper\"><ul class=\"pt-cv-pagination pt-cv-ajax pagination\" data-totalpages=\"2\" data-currentpage=\"1\" data-sid=\"8026e727bw\" data-unid=\"\" data-isblock=\"\" data-postid=\"\"><li class=\"active\"><a href=\"#\">1<\/a><\/li>\n\t<li ><a class=\"\" href=\"https:\/\/pedrovelho.rn.gov.br\/transparente\/index\/wp-json\/wp\/v2\/pages\/8260\/?_page=2\">2<\/a><\/li>\n\t<li ><a class=\" \" href=\"https:\/\/pedrovelho.rn.gov.br\/transparente\/index\/wp-json\/wp\/v2\/pages\/8260\/?_page=2\">&rsaquo;<\/a><\/li>\n\t<\/ul><img loading=\"lazy\" decoding=\"async\" width=\"15\" height=\"15\" class=\"pt-cv-spinner\" alt=\"Carregando...;\" src=\"data:image\/gif;base64,R0lGODlhDwAPALMPAMrKygwMDJOTkz09PZWVla+vr3p6euTk5M7OzuXl5TMzMwAAAJmZmWZmZszMzP\/\/\/yH\/C05FVFNDQVBFMi4wAwEAAAAh+QQFCgAPACwAAAAADwAPAAAEQvDJaZaZOIcV8iQK8VRX4iTYoAwZ4iCYoAjZ4RxejhVNoT+mRGP4cyF4Pp0N98sBGIBMEMOotl6YZ3S61Bmbkm4mAgAh+QQFCgAPACwAAAAADQANAAAENPDJSRSZeA418itN8QiK8BiLITVsFiyBBIoYqnoewAD4xPw9iY4XLGYSjkQR4UAUD45DLwIAIfkEBQoADwAsAAAAAA8ACQAABC\/wyVlamTi3nSdgwFNdhEJgTJoNyoB9ISYoQmdjiZPcj7EYCAeCF1gEDo4Dz2eIAAAh+QQFCgAPACwCAAAADQANAAAEM\/DJBxiYeLKdX3IJZT1FU0iIg2RNKx3OkZVnZ98ToRD4MyiDnkAh6BkNC0MvsAj0kMpHBAAh+QQFCgAPACwGAAAACQAPAAAEMDC59KpFDll73HkAA2wVY5KgiK5b0RRoI6MuzG6EQqCDMlSGheEhUAgqgUUAFRySIgAh+QQFCgAPACwCAAIADQANAAAEM\/DJKZNLND\/kkKaHc3xk+QAMYDKsiaqmZCxGVjSFFCxB1vwy2oOgIDxuucxAMTAJFAJNBAAh+QQFCgAPACwAAAYADwAJAAAEMNAs86q1yaWwwv2Ig0jUZx3OYa4XoRAfwADXoAwfo1+CIjyFRuEho60aSNYlOPxEAAAh+QQFCgAPACwAAAIADQANAAAENPA9s4y8+IUVcqaWJ4qEQozSoAzoIyhCK2NFU2SJk0hNnyEOhKR2AzAAj4Pj4GE4W0bkJQIAOw==\" \/><div class=\"clear pt-cv-clear-pagination\"><\/div><\/div><\/div>\n","protected":false},"author":1,"featured_media":0,"parent":0,"menu_order":0,"comment_status":"closed","ping_status":"closed","template":"","meta":{"_et_pb_use_builder":"on","_et_pb_old_content":"<p>[vc_row us_bg_image=\"8008\"][vc_column][us_blog columns=\"1\" items=\"\" pagination=\"ajax\" categories=\"legislacao-covid-19\" layout=\"compact\" show_date=\"\" show_author=\"\" show_categories=\"\" show_tags=\"\" show_comments=\"\" show_read_more=\"1\" content_type=\"none\"][\/vc_column][\/vc_row]<\/p>","_et_gb_content_width":"","footnotes":""},"class_list":["post-8260","page","type-page","status-publish","hentry"],"_links":{"self":[{"href":"https:\/\/pedrovelho.rn.gov.br\/transparente\/index\/wp-json\/wp\/v2\/pages\/8260","targetHints":{"allow":["GET"]}}],"collection":[{"href":"https:\/\/pedrovelho.rn.gov.br\/transparente\/index\/wp-json\/wp\/v2\/pages"}],"about":[{"href":"https:\/\/pedrovelho.rn.gov.br\/transparente\/index\/wp-json\/wp\/v2\/types\/page"}],"author":[{"embeddable":true,"href":"https:\/\/pedrovelho.rn.gov.br\/transparente\/index\/wp-json\/wp\/v2\/users\/1"}],"replies":[{"embeddable":true,"href":"https:\/\/pedrovelho.rn.gov.br\/transparente\/index\/wp-json\/wp\/v2\/comments?post=8260"}],"version-history":[{"count":6,"href":"https:\/\/pedrovelho.rn.gov.br\/transparente\/index\/wp-json\/wp\/v2\/pages\/8260\/revisions"}],"predecessor-version":[{"id":10427,"href":"https:\/\/pedrovelho.rn.gov.br\/transparente\/index\/wp-json\/wp\/v2\/pages\/8260\/revisions\/10427"}],"wp:attachment":[{"href":"https:\/\/pedrovelho.rn.gov.br\/transparente\/index\/wp-json\/wp\/v2\/media?parent=8260"}],"curies":[{"name":"wp","href":"https:\/\/api.w.org\/{rel}","templated":true}]}}